 n + 3 = 0. Let t be u(a). What is the tens digit of (-518)/t + (-24)/36?
7
Let d = 20 + -33. Let g(p) = p**2 + 17*p - 5. Let i be g(d). What is the units digit of -1*i/(0 - -1)?
7
Let g = 7 - 6. Suppose 6*s - 13 = -g. Suppose -s*b = 5*b - 273. What is the units digit of b?
9
Let g = 10955 - -8692. What is the ten thousands digit of g?
1
Let x(f) = 306*f**2 + 20*f + 96. What is the hundreds digit of x(10)?
8
Let s be (-24)/(-10) + 2/(-5). Suppose 0 = s*u + 2*u - 76. Let k = -4 + u. What is the units digit of k?
5
What is the thousands digit of 154/(-56)*-1124 + -12?
3
Suppose -n - 10077 = -3*g + 721, -3*g = n - 10790. What is the hundreds digit of g?
5
Let o = 828 + -248. What is the units digit of o?
0
Let c be (-7 - -4)/((-2)/(-28)*-3). What is the tens digit of c/(-35) + 2924/10?
9
Let s = -11881 - -21189. What is the hundreds digit of s?
3
Suppose 79*o = 18212 + 26739. What is the tens digit of 3 + (o - (1 - -2))?
6
Suppose -4*q + 120 + 72 = 0. Suppose d + 3*d = -q. What is the tens digit of (-3)/d + (-760)/(-32)?
2
What is the units digit of 1185/237 + ((-2)/(-1) - -6342)?
9
Let k(a) = -138*a**3 + 4*a**2 + 8*a + 3. Let q be k(-2). Suppose 10*z - 523 = q. What is the hundreds digit of (z/(-3) - -4)/(3/(-9))?
1
Let z(u) = u**3 + 9*u**2 + 5*u - 12. Let f be (7*5/10)/(2/(-4)). What is the tens digit of z(f)?
5
Suppose -3361*m + 3378*m - 1170110 = 0. What is the units digit of m?
0
Suppose 2*n - 18118 + 19212 = 55996. What is the ten thousands digit of n?
2
Let v = 6 + -2. Let h = -1057 - -1014. What is the units digit of 4/(v/h)*-2?
6
Suppose 4*b + 0*n + 3*n + 46 = 0, -2*n = 5*b + 54. Let k be (-144)/b + (-22)/55. What is the hundreds digit of 1658/k + 20/35?
1
Let p(i) = -4*i - 112. Let t be p(-28). Suppose t = 6*n + n - 1253. What is the units digit of n?
9
Let z(a) = -21*a**3 - 43*a**2 - 355*a - 32. What is the ten thousands digit of z(-11)?
2
Suppose 0 = -2*l - 6, 81 = -2*c + 5*l + 332. Suppose c*v = 117*v + 97. What is the tens digit of v?
9
Let c(t) = -4*t + 160. Let b be c(43). What is the tens digit of (-1327 + 12)/(10/b)?
7
Let g(t) = -12*t + 2. Let i be g(-8). Let j(w) = i*w + 87 - 11 - 96*w - w**2. What is the units digit of j(0)?
6
Suppose -4*f - 18 - 10 = 0. Let z be (-12)/42 + (-2)/f. Suppose -16*b + 20*b - 252 = z. What is the tens digit of b?
6
Suppose 0 = 3*t + 2*f - 173108, 13*t - f - 586667 = 163545. What is the units digit of t?
8
Let d = -7572 + 27555. What is the ten thousands digit of d?
1
Let g(l) = -2*l**3 + 10*l**2 - 15*l + 66. What is the ten thousands digit of g(-22)?
2
Suppose -3*d + 156 = -5*h, 0 = 3*d - 9*h + 10*h - 156. What is the tens digit of ((-111)/6)/(1 - 54/d)?
8
Let n = 333 + -314. Suppose 4*x - 3*i - 2200 = 0, -n*x + 16*x - i + 1663 = 0. What is the units digit of x?
3
Suppose -221235 = -68*b + 33017. What is the thousands digit of b?
3
Suppose -3*j + 4*a + 7000 = -2*j, -3*j - 4*a + 21016 = 0. Suppose 2*r = 5*i + 3516, 5*r - 3*i - j = r. What is the tens digit of r?
4
Let r be (12/8)/(3/28). Let m(x) = -25 + 76 - 2*x - r + 64. What is the units digit of m(0)?
1
Let s be (3 + 66/(-30))*5/(-2). Let t(a) be the first derivative of 2*a**3 + a**2 + 7*a - 4. What is the tens digit of t(s)?
2
Let b = 85 - 35. Suppose -u = -3*q + 4*u + 82, b = 2*q - u. What is the hundreds digit of 3664/q - (-2)/6?
1
Suppose -10*p = 15*p - 4400. Let r = 242 + p. What is the hundreds digit of r?
4
Suppose 4*f = 2093 + 6545 + 2778. What is the thousands digit of f?
2
Let s(i) = -11*i + 134. Let l be s(12). Suppose 0 = 2*f - 4*j - 2142, -l*f - f + 3253 = 4*j. What is the units digit of f?
9
Let d = -30 + 27. Let y be (-160 - (-3 + -1))*d. Let s = y - 214. What is the tens digit of s?
5
Suppose -24*g + 54*g = -23*g + 608387. What is the units digit of g?
9
Let v = 56 + -102. What is the hundreds digit of (-700)/(-3) - v/69?
2
Suppose -4*n - 3*t + 7 = 0, -2*n + 0*n - 3*t = 1. Suppose l + n*l = -3*c + 1145, 0 = 3*c - 5*l - 1135. Suppose 0 = 7*r - c - 1279. What is the units digit of r?
7
Suppose -521*w - 4252379 = -95*w - 15353513. What is the tens digit of w?
5
Let t = 7 - 6. Let d be (-3 + 61)*t/2. Suppose d = g - 1. What is the tens digit of g?
3
What is the units digit of ((-7837000)/275)/(-34) - 2/11?
8
Let o(g) be the second derivative of 19*g**4/6 + 7*g**3/6 + 13*g**2/2 + 2*g - 2. What is the tens digit of o(-2)?
5
Suppose -258 = -2*y - 6*b + 10*b, -3*y + 3*b = -381. Suppose 0 = 6*t + y - 29. What is the hundreds digit of t - -292 - 2/(-2)?
2
Let p(b) = 2*b - 28*b**3 - 10 + 3 + 2 + 2*b + 2*b**2 + 7*b**3. What is the units digit of p(-3)?
8
What is the thousands digit of (-10)/(-205) - (-1907472)/246?
7
Let d(s) = -2*s**3 - 10*s**2 + 2*s - 2. Let v be d(-6). Suppose 0 + 36 = 12*m. Suppose m*t = t + v. What is the tens digit of t?
2
What is the units digit of ((-189)/297)/(-7) + (-173183)/(-11)?
4
Let k(f) = -f**3 + 13*f**2 - 24*f - 102. What is the units digit of k(-6)?
6
Let a = 32 - 23. Let s(l) = -8 - 7*l - 6*l**2 - a - l**3 + 27. What is the hundreds digit of s(-7)?
1
Let i = -72 + 108. Suppose -r - 1 = -3. Let d = i - r. What is the tens digit of d?
3
Suppose 4*y - 100*w - 113764 = -102*w, 5*w = 2*y - 56906. What is the ten thousands digit of y?
2
Let b be (328/14 + -2)*7. Let l = -8300 - -8249. Let c = b + l. What is the tens digit of c?
9
Suppose -20*r + 1842936 = 27*r + 55*r. What is the tens digit of r?
6
Suppose -3*s + 5*l + 31616 = -90782, s = 2*l + 40802. What is the tens digit of s?
8
Suppose -5*f - 5*g = 60, -11 = 3*f - 2*g + 40. Let y = -65 - f. What is the units digit of ((-78)/(-5))/((-15)/y)?
2
Let c = -103 + -74. What is the units digit of (51/(-2))/(c/(-30) + -6)?
5
Let u(s) = -22*s - 13. Let n(j) = -23*j - 11. Let y(q) = -4*n(q) + 3*u(q). What is the hundreds digit of y(14)?
3
Let p be (-1)/2*0 - -6145. Let f = -3620 + p. What is the tens digit of 2/3 + f/15?
6
What is the tens digit of 1 + -1 - (-21)/(-14) - 260664/(-48)?
2
Let b = 87 + -179. Let g = 92 + b. Suppose g*z = -4*z + 640. What is the tens digit of z?
6
Suppose -22 = -t - 2*r + 22, t - 59 = r. Let c = -49 + t. Suppose w = -c*w + 216. What is the tens digit of w?
3
Let y(r) = 157*r + 4538. What is the thousands digit of y(7)?
5
Let v = -6860 + 52049. What is the tens digit of v?
8
Let l(v) = -v**3 - 10*v**2 + 6. Let q be l(-10). Let f = q - -14. What is the units digit of 2225/f - 1/4?
1
Let s be 3/(6/(-8)) - -8. Let d(o) = 12*o + 63. Let t be d(-5). Suppose 2*z = -s*n + 676, -n - z + 176 = t*z. What is the units digit of n?
8
Let v = 589 - 598. What is the hundreds digit of ((-193)/2)/(642/72 + v)?
1
Let v(w) = -7*w - 139*w**2 - 9*w - 2 + 138*w**2. What is the units digit of v(-8)?
2
Suppose -217*n - 522662 + 638742 = -3570316. What is the ten thousands digit of n?
1
Let n = -163 - -166. Suppose -3*u - 121 - 241 = -a, 4*u - 1151 = -n*a. What is the tens digit of a?
7
Let w(a) = 962*a - 15. What is the thousands digit of w(5)?
4
What is the hundreds digit of -20359*-8*8/64?
3
Suppose -30766 - 78170 = -34*p. What is the tens digit of p?
0
Suppose -3*a = 1794*f - 1795*f + 5907, -5*f + 3*a = -29595. What is the thousands digit of f?
5
Let i be 18/3 + -2 - -2120. Suppose -7*f = -3*f + 2*c - 2152, 4*f - i = 5*c. What is the units digit of f?
6
Let s(z) = 1733*z - 535. What is the thousands digit of s(6)?
9
Suppose 6124 = 3*j + 3*i + 2*i, -j + 2*i = -2056. Suppose -5*g = -21*g + j. What is the hundreds digit of g?
1
Let n = 117447 - 69062. What is the hundreds digit of n?
3
Suppose 2*o + 18 = 5*x, x - 4*o + 10 = -7*o. Suppose x*k - k - 122 = 0. Let t = k - -22. What is the tens digit of t?
4
Suppose 0 = 4*k - 275 - 157. Let t = k - 111. What is the hundreds digit of 4 - ((-2)/(-3)*t - 215)?
2
Suppose -146*c + 59*c = -67*c - 573880. What is the units digit of c?
4
Let b(j) = -22*j + 12. Let i(h) = h**2 - 7. Let t be i(3). Suppose 4*u + 26 = t. What is the units digit of b(u)?
4
Let n(c) = 162*c**2 - 75*c + 1. Let w be n(5). Suppose -5*r - 921 = -w. What is the units digit of r?
1
Let a(s) = 3*s**3 - s + 1. Let p(j) = -11*j**3 - 3*j - 12. Let d(i) = -4*a(i) - p(i). What is the tens digit of d(-3)?
1
Let c(o) = -2349*o**3 + 1. Let q be c(-1). Suppose -30*j - q = -4*f - 28*j, -4*f - j = -2353. What is the tens digit of f?
8
Let u be 19 + (4 - -3)/1. 